 -10 - -15. Suppose -n - 2*z = 3*z, z = -u*n + 120. What are the prime factors of n?
5
Let t(z) = z**2 + 9*z + 4. Let c be t(-10). Suppose -a = -2*v - c, -3*a = -8*a + 3*v + 70. What are the prime factors of a?
2, 7
Let m be -1*1*(-6)/2. Let r(x) = 6*x - 3. What are the prime factors of r(m)?
3, 5
Suppose 5*r = -0*r + z + 2, -10 = -3*r + 5*z. Let k be 2/6*3 + r. Suppose 4*v - 44 = -4*l, 0 = -l + v - 0 + k. List the prime factors of l.
2, 3
Let v(o) = -o**3 - 7*o**2 + 9*o + 12. Let x be v(-8). Suppose -2*a + 16 = 2*j - j, x*j + 6 = -a. List the prime factors of a.
2, 5
Let j = 204 + -135. List the prime factors of j.
3, 23
Let b be 4/10 - 6/15. List the prime factors of b + -1 - (-15)/3.
2
Let z be 2 - ((-3)/3 - 0). Suppose -7 - 2 = -z*f. Suppose -2*w - 3*w = -f*y - 61, 0 = -3*w + 2*y + 37. What are the prime factors of w?
11
Let t = 9 - 4. Suppose 69 = t*m + 4*h, -6*h + 41 = 3*m - 4*h. What are the prime factors of m?
13
Let g(o) = -o + 1. Let x be g(-2). Suppose -x*y - 69 = -4*q, q + 0*q = 3*y + 15. What are the prime factors of q?
2, 3
Let s = 18 - 2. Let n = s + 5. What are the prime factors of n?
3, 7
Let h(q) = 6*q**2 + q + 1. Let v be h(-1). List the prime factors of 280/4*3/v.
5, 7
Let p be (-2)/(-4)*(-13 + 7). What are the prime factors of (-83)/p - (-2)/6?
2, 7
Suppose -f - g + 73 = -3*f, 3*f + 4*g = -82. Let z = f - -61. List the prime factors of z.
3
Let m = -1 + 4. List the prime factors of m.
3
Let a = 66 - 40. List the prime factors of a.
2, 13
Suppose 3*h - 2*z - 398 = 0, -642 = -4*h - h - 2*z. What are the prime factors of h?
2, 5, 13
Let w(g) be the third derivative of g**6/720 + g**5/40 - g**4/24 - g**2. Let b(v) be the second derivative of w(v). What are the prime factors of b(3)?
2, 3
Suppose 0 = -l + 3*y + 75, 9*y + 149 = 2*l + 4*y. List the prime factors of l.
2, 3
Suppose -5*i - 50 = 2*z + z, -2*z + i - 16 = 0. Let b = 26 + z. What are the prime factors of b?
2
Suppose 0 = -2*p + q + 37, 2*q = -5*p + 6*q + 94. List the prime factors of p.
2, 3
Let b(j) = j**3 + 13*j**2 + 11*j - 8. Let w be b(-12). Suppose 2*c - 47 = -n - 2*c, 0 = -w*n + c + 171. What are the prime factors of n?
43
Suppose 0 = -b - 0 + 28. What are the prime factors of b?
2, 7
Let f(c) = 12*c**2 + 12*c - 23. What are the prime factors of f(2)?
7
Let z = 165 - 69. Suppose -5*s + z = -2*s. List the prime factors of s.
2
Let p(i) = -i**2 + 6*i + 7. Let d be p(7). Suppose 5*f - 36 - 24 = d. List the prime factors of f.
2, 3
Let s(j) = -j - 8. Let c be s(-8). Suppose 53 = 5*t - 4*w, -3*t - 5*w + 28 + 26 = c. List the prime factors of t.
13
Suppose 3*u - 94 = -5*g, g = 2*g + 4. Let y = 24 - u. List the prime factors of (2 - 0)/(-4)*y.
7
Suppose -3*t = -5*b - 10, -3*b + 2*b - 2 = t. Suppose 0*m - m - 1 = t. List the prime factors of (-8)/m*(-4)/(-4).
2
Suppose 5*q - 4*c + 2 = 0, 0*q - 5*q = c + 12. What are the prime factors of -1 + (-2)/(q/3)?
2
Suppose 178 = -4*h + 6*h. List the prime factors of h.
89
Let l = 24 + -11. List the prime factors of l.
13
Suppose f = -0*f + 2. Let d(t) = -2*t + 3*t**f + 3 - 4*t**2 - 3*t. List the prime factors of d(-4).
7
What are the prime factors of (-47 - -1)*3/9*-3?
2, 23
Suppose -2*a - 68 = -5*l - 5*a, 0 = -3*l + 4*a + 64. Suppose 4*w - l = 20. What are the prime factors of w?
3
Suppose 0 = -5*j + 93 + 147. What are the prime factors of j?
2, 3
Let m(u) = u**3 - 2*u**2 - 4*u - 3. Let s(l) = l**2 - 8*l - 5. Let y be s(9). List the prime factors of m(y).
13
Suppose 0*k - q = 2*k - 440, -2*k + 3*q + 424 = 0. What are the prime factors of k?
2, 109
Let s be -6*1/(-2) - 0. List the prime factors of (-4)/s*(-84)/8.
2, 7
Let t(f) = f**2 - 9*f + 16. List the prime factors of t(13).
2, 17
Suppose -4*k = -0*m + m - 19, 0 = 4*k - m - 13. Suppose 2*g - 5*g - 42 = 0. List the prime factors of (g/k)/(1/(-6)).
3, 7
Let t(g) = -g**2 + 5*g + 1. Let i be t(6). Let f = i - -12. List the prime factors of f.
7
What are the prime factors of (-37)/((-4)/(-2)*(-8)/16)?
37
Suppose -5*d + 513 = 33. List the prime factors of d.
2, 3
Let q be (2/(-6))/((-3)/(-9)). Let b(o) = 2*o**2 - o. Let v be b(q). Suppose -5*i + 3*i = -4*k + 52, -3*k + 21 = v*i. List the prime factors of k.
11
Let u be (0 - (-4 + 3)) + -4. Let s be (-2)/6 - (-2)/u. Let n(m) = -13*m - 1. What are the prime factors of n(s)?
2, 3
Let s = 6 + -1. Suppose -s*z - 14 = -54. What are the prime factors of z?
2
Suppose u - 1 - 1 = 0. Suppose 55 = u*g + 3*f, 5*g - 172 = 6*f - 2*f. Suppose 4*i = 56 + g. What are the prime factors of i?
2, 11
Let f(p) = -5*p - 1. Suppose 0 = -4*y + 6*y - 4. Suppose y*m + m + 20 = 4*g, -3*m - 22 = -5*g. List the prime factors of f(m).
19
Let o = 0 + 4. Suppose 5*y = -a + 3 - 7, -2*a - o*y + 22 = 0. Let m = a + -8. List the prime factors of m.
13
Suppose -2*a - 34 + 238 = 0. List the prime factors of a.
2, 3, 17
Suppose 22 = -3*z - 17. Let r = z - -29. List the prime factors of r.
2
Let l(d) = 9*d**2 - 2*d + 1. What are the prime factors of l(1)?
2
Suppose -g + 5*g = -5952. List the prime factors of 1/4*g/(-12).
31
Let v = -6 + 4. Let u = -66 + 60. Let c = v - u. List the prime factors of c.
2
Let x(u) = -u**3 - 7*u**2 - 10*u - 9. Let t = 3 - 9. List the prime factors of x(t).
3, 5
Suppose -9*s + 4*s = -50. What are the prime factors of s?
2, 5
Let f = 12 + 13. Suppose t = 3*j - 3*t - f, 3*t = -j + 4. List the prime factors of j.
7
Let s(r) = 23*r + 3. Let d be s(-3). List the prime factors of d/(-4) + 6/12.
17
Let f(i) = i**2 + 10*i - 20. List the prime factors of f(-12).
2
Suppose 3*i + 5*u = 27 + 5, -2*i + 16 = 2*u. Suppose 68 = 4*n + i*j, n - 50 = -3*n + 5*j. List the prime factors of n.
3, 5
Suppose v = 0, -4*v = 3*z + 2 - 8. Suppose 0 = z*f - f - 5. Suppose f*y + 6*h = h + 55, 5*y = -3*h + 57. List the prime factors of y.
2, 3
What are the prime factors of -5*(1 + (-6)/10)*-124?
2, 31
Suppose -3 + 6 = -c, 0 = t + 3*c + 18. Let j(v) = v + 9. Let u be j(t). Suppose -i + 2*b - b = -3, -i - 3*b + 11 = u. What are the prime factors of i?
5
Suppose -z + 4*s + 5 = 0, -5*s - 19 = 3*z - 5*z. List the prime factors of z.
17
Let d(g) = -g - 2. Let k(t) = -t - 1. Let m(h) = 3*d(h) - 4*k(h). Let w be m(-7). Let q = 1 - w. What are the prime factors of q?
2, 5
Suppose 2*b + 2*s = 16 + 8, 0 = 4*b - 5*s - 3. Suppose 5*a + b = 132. List the prime factors of a.
5
Suppose 0 = -h + 1. Let s be -2 + h*(-66)/(-3). Let q = s - 11. What are the prime factors of q?
3
Let p(i) = 4*i + 4. List the prime factors of p(5).
2, 3
Let d(j) = 7*j**2 - j. Let y(t) = t + 4. Let g be y(-3). Let o be d(g). Let m = o - 2. What are the prime factors of m?
2
Suppose -5*g - 15 = 4*u, -51 + 1 = 5*g - 3*u. Let h(r) = -2*r - 9. Let k be h(g). Suppose 0 = -5*s - k, 2*s + 11 = 5*a - 21. What are the prime factors of a?
2, 3
Suppose c = -5*q + 15, 4*q - 30 = -2*c - q. Suppose -h = 2*r - 45, c - 3 = r + 4*h. What are the prime factors of r?
2, 3
Let b = -77 + 113. What are the prime factors of b?
2, 3
Let z(f) = f**3 + 6*f**2 - 11*f + 5. What are the prime factors of z(-7)?
3, 11
Suppose 2*x - 72 = q - 4*q, -4*x = -5*q - 100. Let z(l) = -6*l + 2. Let n be z(-3). Suppose 5*t = -k + x, k = -3*t - 0*t + n. What are the prime factors of k?
5
Let y(v) = v**3 - 4*v**2 - 6*v - 8. Let a be y(6). Let w be 12/(-8) + (-13)/(-2). Suppose 3*u + 7 = r, r = w*r + 3*u - a. What are the prime factors of r?
7
Let w(x) be the second derivative of x**3/2 - 5*x**2/2 - 3*x. What are the prime factors of w(6)?
13
Let c = -1 + 1. Let y(u) = -u + 6. Let r(b) = -b + 6. Let k(q) = -4*r(q) + 5*y(q). What are the prime factors of k(c)?
2, 3
Let q = -10 - -16. What are the prime factors of q?
2, 3
Let a be (0 - (2 - 2))/1. List the prime factors of -3 + 22 + (a - 2).
17
Let m = -13 + 15. Suppose 3*l + 0*l = 0. Suppose -t + 4*s = -l*t - 14, -11 = m*t + 5*s. List the prime factors of t.
2
Suppose 3 = -i + 40. Suppose 0 = 4*h + 3*n - i, -2*h + 7*h - 3*n - 26 = 0. What are the prime factors of h?
7
Let i(h) = h**3 - 22*h**2 - 46*h - 2. What are the prime factors of i(24)?
2, 23
Let a(h) = -h**3 - 9*h**2 - 16*h - 21. List the prime factors of a(-8).
43
Let c(p) = -10*p**2 - 2*p + 2. Let h be c(1). Let o = h + 34. List the prime factors of o.
2, 3
Suppose -3*x = -2*x - 2*p - 13, 0 = -3*x + 5*p + 40. What are the prime factors of x?
3, 5
